{"id":40,"date":"2026-02-13T17:04:25","date_gmt":"2026-02-13T17:04:25","guid":{"rendered":"https:\/\/emiroglual.com\/profil\/?post_type=product&#038;p=40"},"modified":"2026-02-14T13:22:03","modified_gmt":"2026-02-14T13:22:03","slug":"zemin-profili","status":"publish","type":"product","link":"https:\/\/emiroglual.com\/profil\/urun\/zemin-profili\/","title":{"rendered":"Zemin Profili"},"content":{"rendered":"<div>Zemin profilleri, kullan\u0131ld\u0131klar\u0131 yere g\u00f6re farkl\u0131l\u0131k g\u00f6sterebilir. Baz\u0131 yayg\u0131n profil t\u00fcrleri \u015funlard\u0131r:<\/div>\n<div>\n<ul>\n<li>ah\u015fap e\u015fik profili,<\/li>\n<li>karo e\u015fik profili,<\/li>\n<li>T profili,<\/li>\n<li>Profil.<\/li>\n<\/ul>\n<\/div>\n","protected":false},"excerpt":{"rendered":"<p><strong>Al\u00fcminyum Zemin Profili<\/strong><\/p>\n<div>Al\u00fcminyum zemin profilleri, d\u00f6\u015feme teknikleri ve teknolojilerinin b\u00fcy\u00fck \u00f6l\u00e7\u00fcde geli\u015fmesiyle birlikte \u00e7ok \u00f6nemli hale gelmi\u015ftir. P\u00fcr\u00fczs\u00fcz, temizlenmesi kolay ve modern g\u00f6r\u00fcn\u00fcml\u00fc zeminler elde etmek i\u00e7in laminat, fayans ve di\u011fer yeni t\u00fcrler kullan\u0131l\u0131r. Genellikle banyo veya mutfak gibi \u0131slak alanlarda fayans tercih edilir. Ancak fayanslar, evin di\u011fer b\u00f6l\u00fcmleri i\u00e7in maliyet a\u00e7\u0131s\u0131ndan verimli ve stil a\u00e7\u0131s\u0131ndan uygun de\u011fildir.<\/div>\n","protected":false},"featured_media":71,"comment_status":"closed","ping_status":"closed","template":"","meta":[],"product_brand":[],"product_cat":[18],"product_tag":[],"class_list":{"0":"post-40","1":"product","2":"type-product","3":"status-publish","4":"has-post-thumbnail","6":"product_cat-profiller","8":"first","9":"instock","10":"shipping-taxable","11":"product-type-simple"},"_links":{"self":[{"href":"https:\/\/emiroglual.com\/profil\/wp-json\/wp\/v2\/product\/40","targetHints":{"allow":["GET"]}}],"collection":[{"href":"https:\/\/emiroglual.com\/profil\/wp-json\/wp\/v2\/product"}],"about":[{"href":"https:\/\/emiroglual.com\/profil\/wp-json\/wp\/v2\/types\/product"}],"replies":[{"embeddable":true,"href":"https:\/\/emiroglual.com\/profil\/wp-json\/wp\/v2\/comments?post=40"}],"wp:featuredmedia":[{"embeddable":true,"href":"https:\/\/emiroglual.com\/profil\/wp-json\/wp\/v2\/media\/71"}],"wp:attachment":[{"href":"https:\/\/emiroglual.com\/profil\/wp-json\/wp\/v2\/media?parent=40"}],"wp:term":[{"taxonomy":"product_brand","embeddable":true,"href":"https:\/\/emiroglual.com\/profil\/wp-json\/wp\/v2\/product_brand?post=40"},{"taxonomy":"product_cat","embeddable":true,"href":"https:\/\/emiroglual.com\/profil\/wp-json\/wp\/v2\/product_cat?post=40"},{"taxonomy":"product_tag","embeddable":true,"href":"https:\/\/emiroglual.com\/profil\/wp-json\/wp\/v2\/product_tag?post=40"}],"curies":[{"name":"wp","href":"https:\/\/api.w.org\/{rel}","templated":true}]}}