{"id":39,"date":"2026-02-13T17:04:25","date_gmt":"2026-02-13T17:04:25","guid":{"rendered":"https:\/\/emiroglual.com\/profil\/?post_type=product&#038;p=39"},"modified":"2026-02-14T13:26:31","modified_gmt":"2026-02-14T13:26:31","slug":"supurgelik-profilleri","status":"publish","type":"product","link":"https:\/\/emiroglual.com\/profil\/urun\/supurgelik-profilleri\/","title":{"rendered":"S\u00fcp\u00fcrgelik Profilleri"},"content":{"rendered":"<div>S\u00fcp\u00fcrgelik Profilleri. Ayr\u0131ca, di\u011fer \u00f6nemli neden de g\u00f6r\u00fcn\u00fcmd\u00fcr. S\u00fcp\u00fcrgelik, zeminin d\u00fcz olmayan kenarlar\u0131n\u0131 gizlemede \u00e7ok ba\u015far\u0131l\u0131d\u0131r.<\/div>\n<div><\/div>\n<div>Ah\u015fap, vinil veya al\u00fcminyum gibi farkl\u0131 s\u00fcp\u00fcrgelik t\u00fcrleri vard\u0131r. En iyi ve en pratik olan\u0131 al\u00fcminyum s\u00fcp\u00fcrgeliklerdir. Kolayca monte edilirler ve al\u00fcminyumun dayan\u0131kl\u0131 ve uzun \u00f6m\u00fcrl\u00fc olmas\u0131 gibi avantajlara sahiptirler. Ayr\u0131ca, eloksal kaplama sayesinde al\u00fcminyum s\u00fcp\u00fcrgelik kaplamalar\u0131nda \u00e7ok farkl\u0131 renk se\u00e7enekleri mevcuttur.<\/div>\n","protected":false},"excerpt":{"rendered":"<p><strong>Al\u00fcminyum S\u00fcp\u00fcrgelik Profilleri<\/strong><\/p>\n<div>S\u00fcp\u00fcrgelik, genellikle duvarlar\u0131n en alt k\u0131sm\u0131nda kullan\u0131lan dekoratif bir yap\u0131 eleman\u0131d\u0131r. D\u0131\u015f mekanlarda da kullan\u0131ld\u0131\u011f\u0131 baz\u0131 \u00f6rnekler olsa da, s\u00fcp\u00fcrgelik bir i\u00e7 duvar bile\u015fenidir. Ana amac\u0131, duvar ve zeminin birle\u015fti\u011fi k\u0131sm\u0131 \u00f6rtmektir. Peki, neden s\u00fcp\u00fcrgelik kullan\u0131r\u0131z? S\u00fcp\u00fcrgelik kullanmam\u0131z\u0131n ana nedeni, duvar\u0131n birle\u015fme yerlerini ve alt k\u0131s\u0131mlar\u0131n\u0131 tekmelere, mobilyalar\u0131n \u00e7arpmas\u0131na ve a\u015f\u0131nmaya kar\u015f\u0131 korumakt\u0131r.<\/div>\n","protected":false},"featured_media":70,"comment_status":"closed","ping_status":"closed","template":"","meta":[],"product_brand":[],"product_cat":[18],"product_tag":[],"class_list":{"0":"post-39","1":"product","2":"type-product","3":"status-publish","4":"has-post-thumbnail","6":"product_cat-profiller","8":"first","9":"instock","10":"shipping-taxable","11":"product-type-simple"},"_links":{"self":[{"href":"https:\/\/emiroglual.com\/profil\/wp-json\/wp\/v2\/product\/39","targetHints":{"allow":["GET"]}}],"collection":[{"href":"https:\/\/emiroglual.com\/profil\/wp-json\/wp\/v2\/product"}],"about":[{"href":"https:\/\/emiroglual.com\/profil\/wp-json\/wp\/v2\/types\/product"}],"replies":[{"embeddable":true,"href":"https:\/\/emiroglual.com\/profil\/wp-json\/wp\/v2\/comments?post=39"}],"wp:featuredmedia":[{"embeddable":true,"href":"https:\/\/emiroglual.com\/profil\/wp-json\/wp\/v2\/media\/70"}],"wp:attachment":[{"href":"https:\/\/emiroglual.com\/profil\/wp-json\/wp\/v2\/media?parent=39"}],"wp:term":[{"taxonomy":"product_brand","embeddable":true,"href":"https:\/\/emiroglual.com\/profil\/wp-json\/wp\/v2\/product_brand?post=39"},{"taxonomy":"product_cat","embeddable":true,"href":"https:\/\/emiroglual.com\/profil\/wp-json\/wp\/v2\/product_cat?post=39"},{"taxonomy":"product_tag","embeddable":true,"href":"https:\/\/emiroglual.com\/profil\/wp-json\/wp\/v2\/product_tag?post=39"}],"curies":[{"name":"wp","href":"https:\/\/api.w.org\/{rel}","templated":true}]}}