{"id":30,"date":"2026-02-13T17:04:24","date_gmt":"2026-02-13T17:04:24","guid":{"rendered":"https:\/\/emiroglual.com\/profil\/?post_type=product&#038;p=30"},"modified":"2026-02-14T13:28:19","modified_gmt":"2026-02-14T13:28:19","slug":"reklam-cercevesi-profili","status":"publish","type":"product","link":"https:\/\/emiroglual.com\/profil\/urun\/reklam-cercevesi-profili\/","title":{"rendered":"Reklam \u00c7er\u00e7evesi Profili"},"content":{"rendered":"<div>Reklam \u00c7er\u00e7evesi Profili. Al\u00fcminyum reklam profilleri \u00e7ok dayan\u0131kl\u0131 ve kullan\u0131m\u0131 kolayd\u0131r. Al\u00fcminyum profiller i\u00e7in reklam yap\u0131\u015ft\u0131r\u0131c\u0131lar\u0131na ihtiyac\u0131n\u0131z yoktur. \u00c7o\u011fu pano veya \u00e7er\u00e7eve, reklam ka\u011f\u0131tlar\u0131n\u0131 tutmak i\u00e7in poster klipslerine sahiptir. \u00d6te yandan, al\u00fcminyum reklamlar hem i\u00e7 hem de d\u0131\u015f mekan kullan\u0131m\u0131 i\u00e7in uygundur. Al\u00fcminyum hava ko\u015fullar\u0131na kar\u015f\u0131 \u00e7ok dayan\u0131kl\u0131 oldu\u011fundan, al\u00fcminyum reklam \u00e7er\u00e7eveleri d\u0131\u015f mekan reklam panolar\u0131nda \u00e7ok yayg\u0131n olarak kullan\u0131l\u0131r. Ayr\u0131ca, al\u00fcminyum \u00e7ok hafif bir element oldu\u011fundan, reklam panolar\u0131n\u0131n toplam y\u00fck\u00fcn\u00fc azaltmada \u00e7ok ba\u015far\u0131l\u0131d\u0131r.<\/div>\n<div><\/div>\n<div><a href=\"https:\/\/bor-usa.com\/product-category\/aluminum-profiles\/\">aluminum profiles<\/a><\/div>\n","protected":false},"excerpt":{"rendered":"<p><strong>Al\u00fcminyum Reklam \u00c7er\u00e7evesi Profili<\/strong><\/p>\n<div>Yeni teknolojilerle reklamc\u0131l\u0131k daha kolay hale geldi. En pop\u00fcler ve etkili reklam panolar\u0131n\u0131n dijital olanlar oldu\u011funu kabul etmeliyiz. Ancak bunlar\u0131n kurulumu, \u00e7al\u0131\u015ft\u0131r\u0131lmas\u0131 ve bak\u0131m\u0131 \u00e7ok pahal\u0131d\u0131r. Bu nedenle, ikinci en etkili ancak en uygun maliyetli olan\u0131 al\u00fcminyum reklam profilleridir.<\/div>\n","protected":false},"featured_media":60,"comment_status":"closed","ping_status":"closed","template":"","meta":[],"product_brand":[],"product_cat":[18],"product_tag":[],"class_list":{"0":"post-30","1":"product","2":"type-product","3":"status-publish","4":"has-post-thumbnail","6":"product_cat-profiller","8":"first","9":"instock","10":"shipping-taxable","11":"product-type-simple"},"_links":{"self":[{"href":"https:\/\/emiroglual.com\/profil\/wp-json\/wp\/v2\/product\/30","targetHints":{"allow":["GET"]}}],"collection":[{"href":"https:\/\/emiroglual.com\/profil\/wp-json\/wp\/v2\/product"}],"about":[{"href":"https:\/\/emiroglual.com\/profil\/wp-json\/wp\/v2\/types\/product"}],"replies":[{"embeddable":true,"href":"https:\/\/emiroglual.com\/profil\/wp-json\/wp\/v2\/comments?post=30"}],"wp:featuredmedia":[{"embeddable":true,"href":"https:\/\/emiroglual.com\/profil\/wp-json\/wp\/v2\/media\/60"}],"wp:attachment":[{"href":"https:\/\/emiroglual.com\/profil\/wp-json\/wp\/v2\/media?parent=30"}],"wp:term":[{"taxonomy":"product_brand","embeddable":true,"href":"https:\/\/emiroglual.com\/profil\/wp-json\/wp\/v2\/product_brand?post=30"},{"taxonomy":"product_cat","embeddable":true,"href":"https:\/\/emiroglual.com\/profil\/wp-json\/wp\/v2\/product_cat?post=30"},{"taxonomy":"product_tag","embeddable":true,"href":"https:\/\/emiroglual.com\/profil\/wp-json\/wp\/v2\/product_tag?post=30"}],"curies":[{"name":"wp","href":"https:\/\/api.w.org\/{rel}","templated":true}]}}