{"id":23,"date":"2026-02-13T17:04:24","date_gmt":"2026-02-13T17:04:24","guid":{"rendered":"https:\/\/emiroglual.com\/profil\/?post_type=product&#038;p=23"},"modified":"2026-02-14T13:29:23","modified_gmt":"2026-02-14T13:29:23","slug":"guneslik-profilleri","status":"publish","type":"product","link":"https:\/\/emiroglual.com\/profil\/urun\/guneslik-profilleri\/","title":{"rendered":"G\u00fcne\u015flik Profilleri"},"content":{"rendered":"<div>G\u00fcne\u015flik Profilleri. Pencereler i\u00e7in al\u00fcminyum g\u00fcne\u015flikler, i\u015flevsellikleri ve d\u00fc\u015f\u00fck bak\u0131m maliyetleri sayesinde tasarruf etmenizi sa\u011flayarak binalar\u0131n\u0131za b\u00fcy\u00fck de\u011fer katar.<\/div>\n<div><\/div>\n<div>D\u0131\u015f mek\u00e2n al\u00fcminyum g\u00fcne\u015flikler binalar\u0131n\u0131za giren fazla g\u00fcne\u015f \u0131\u015f\u0131\u011f\u0131n\u0131 engelleyebilir. Bu sayede, binan\u0131z\u0131 so\u011futmak i\u00e7in daha az para harcars\u0131n\u0131z. Al\u00fcminyum, y\u00fcksek dayan\u0131kl\u0131l\u0131k ve iyi tasar\u0131ma sahip harika bir malzeme oldu\u011fundan, hem verimlilik hem de estetik sa\u011flayabilirsiniz.<\/div>\n","protected":false},"excerpt":{"rendered":"<p><strong>Al\u00fcminyum G\u00fcne\u015flik Profilleri<\/strong><\/p>\n<div>\u0130n\u015faat tekniklerinde teknoloji geli\u015ftik\u00e7e, enerji verimlili\u011fi, estetik ve maliyet verimlili\u011fi \u00f6nemli konular haline geldi. Yenilik\u00e7i bulgularla bu ihtiya\u00e7lar\u0131 kar\u015f\u0131lamak m\u00fcmk\u00fcn hale geldi. Bunlar\u0131 sa\u011flamak i\u00e7in en verimli teknolojilerden biri al\u00fcminyum g\u00fcne\u015flik profilleridir. Modern bir estetik g\u00f6r\u00fcn\u00fcmle yeni binalar\u0131 serin, konforlu ve maliyet verimli tutmak m\u00fcmk\u00fcnd\u00fcr.<\/div>\n","protected":false},"featured_media":53,"comment_status":"closed","ping_status":"closed","template":"","meta":[],"product_brand":[],"product_cat":[18],"product_tag":[],"class_list":{"0":"post-23","1":"product","2":"type-product","3":"status-publish","4":"has-post-thumbnail","6":"product_cat-profiller","8":"first","9":"instock","10":"shipping-taxable","11":"product-type-simple"},"_links":{"self":[{"href":"https:\/\/emiroglual.com\/profil\/wp-json\/wp\/v2\/product\/23","targetHints":{"allow":["GET"]}}],"collection":[{"href":"https:\/\/emiroglual.com\/profil\/wp-json\/wp\/v2\/product"}],"about":[{"href":"https:\/\/emiroglual.com\/profil\/wp-json\/wp\/v2\/types\/product"}],"replies":[{"embeddable":true,"href":"https:\/\/emiroglual.com\/profil\/wp-json\/wp\/v2\/comments?post=23"}],"wp:featuredmedia":[{"embeddable":true,"href":"https:\/\/emiroglual.com\/profil\/wp-json\/wp\/v2\/media\/53"}],"wp:attachment":[{"href":"https:\/\/emiroglual.com\/profil\/wp-json\/wp\/v2\/media?parent=23"}],"wp:term":[{"taxonomy":"product_brand","embeddable":true,"href":"https:\/\/emiroglual.com\/profil\/wp-json\/wp\/v2\/product_brand?post=23"},{"taxonomy":"product_cat","embeddable":true,"href":"https:\/\/emiroglual.com\/profil\/wp-json\/wp\/v2\/product_cat?post=23"},{"taxonomy":"product_tag","embeddable":true,"href":"https:\/\/emiroglual.com\/profil\/wp-json\/wp\/v2\/product_tag?post=23"}],"curies":[{"name":"wp","href":"https:\/\/api.w.org\/{rel}","templated":true}]}}