{"id":22,"date":"2026-02-13T17:04:24","date_gmt":"2026-02-13T17:04:24","guid":{"rendered":"https:\/\/emiroglual.com\/profil\/?post_type=product&#038;p=22"},"modified":"2026-02-14T13:27:37","modified_gmt":"2026-02-14T13:27:37","slug":"panjur-profilleri","status":"publish","type":"product","link":"https:\/\/emiroglual.com\/profil\/urun\/panjur-profilleri\/","title":{"rendered":"Panjur Profilleri"},"content":{"rendered":"<div>Panjur Profilleri. Al\u00fcminyum \u00e7ok dayan\u0131kl\u0131 ve sa\u011flam bir malzeme oldu\u011fu i\u00e7in panjur olarak kullanmak i\u00e7in m\u00fckemmel bir malzemedir. Bu nedenle bir\u00e7ok ki\u015fi ofisleri veya konutlar\u0131 i\u00e7in al\u00fcminyum panjur profillerini tercih etmektedir. Ayr\u0131ca, b\u00fcy\u00fck end\u00fcstriyel tesisler i\u00e7in de ideal malzemelerdir.<\/div>\n<div><\/div>\n<div>Di\u011fer bir estetik unsur ise, binalar\u0131n en g\u00f6r\u00fcn\u00fcr k\u0131s\u0131mlar\u0131nda yer alan panjurlar i\u00e7in ger\u00e7ek bir endi\u015fe kayna\u011f\u0131d\u0131r. Eloksal veya toz boya kapl\u0131 al\u00fcminyum profiller, muhte\u015fem renkleriyle g\u00f6z al\u0131c\u0131 bir g\u00f6r\u00fcn\u00fcm yarat\u0131r. Bu nedenle, al\u00fcminyum panjur profilleri t\u00fcm d\u00fcnyada \u00e7ok yayg\u0131n hale gelmi\u015ftir.<\/div>\n","protected":false},"excerpt":{"rendered":"<p><strong>Al\u00fcminyum Panjur Profilleri<\/strong><\/p>\n<div>Al\u00fcminyum profil panjur, bina pencereleri ve kap\u0131lar\u0131n\u0131n d\u0131\u015f\u0131nda panjur olarak kullanmak i\u00e7in harika bir malzemedir. Bu panjurlar\u0131n amac\u0131, i\u00e7 mekan\u0131 d\u0131\u015f etkenlerden korumakt\u0131r. \u00d6zellikle y\u0131l boyunca g\u00fcne\u015f \u0131\u015f\u0131\u011f\u0131ndan \u00e7ok etkilenen yerler panjur kullan\u0131m\u0131 i\u00e7in idealdir. \u00d6te yandan, panjurlar so\u011fuk iklimlerde de \u00e7ok ba\u015far\u0131l\u0131d\u0131r. Hem \u0131s\u0131 yal\u0131t\u0131m\u0131 hem de ya\u011fmur suyuna kar\u015f\u0131 koruma sa\u011flayabilirler.<\/div>\n","protected":false},"featured_media":52,"comment_status":"closed","ping_status":"closed","template":"","meta":[],"product_brand":[],"product_cat":[18],"product_tag":[],"class_list":{"0":"post-22","1":"product","2":"type-product","3":"status-publish","4":"has-post-thumbnail","6":"product_cat-profiller","8":"first","9":"instock","10":"shipping-taxable","11":"product-type-simple"},"_links":{"self":[{"href":"https:\/\/emiroglual.com\/profil\/wp-json\/wp\/v2\/product\/22","targetHints":{"allow":["GET"]}}],"collection":[{"href":"https:\/\/emiroglual.com\/profil\/wp-json\/wp\/v2\/product"}],"about":[{"href":"https:\/\/emiroglual.com\/profil\/wp-json\/wp\/v2\/types\/product"}],"replies":[{"embeddable":true,"href":"https:\/\/emiroglual.com\/profil\/wp-json\/wp\/v2\/comments?post=22"}],"wp:featuredmedia":[{"embeddable":true,"href":"https:\/\/emiroglual.com\/profil\/wp-json\/wp\/v2\/media\/52"}],"wp:attachment":[{"href":"https:\/\/emiroglual.com\/profil\/wp-json\/wp\/v2\/media?parent=22"}],"wp:term":[{"taxonomy":"product_brand","embeddable":true,"href":"https:\/\/emiroglual.com\/profil\/wp-json\/wp\/v2\/product_brand?post=22"},{"taxonomy":"product_cat","embeddable":true,"href":"https:\/\/emiroglual.com\/profil\/wp-json\/wp\/v2\/product_cat?post=22"},{"taxonomy":"product_tag","embeddable":true,"href":"https:\/\/emiroglual.com\/profil\/wp-json\/wp\/v2\/product_tag?post=22"}],"curies":[{"name":"wp","href":"https:\/\/api.w.org\/{rel}","templated":true}]}}