{"id":21,"date":"2026-02-13T17:04:24","date_gmt":"2026-02-13T17:04:24","guid":{"rendered":"https:\/\/emiroglual.com\/profil\/?post_type=product&#038;p=21"},"modified":"2026-02-14T13:30:27","modified_gmt":"2026-02-14T13:30:27","slug":"insaat-profilleri","status":"publish","type":"product","link":"https:\/\/emiroglual.com\/profil\/urun\/insaat-profilleri\/","title":{"rendered":"\u0130n\u015faat Profilleri"},"content":{"rendered":"<div>Genellikle 6000 mm olarak \u00fcretilirler, ancak \u00f6zel istek \u00fczerine 7500 mm olarak da \u00fcretilebilirler.<\/div>\n<div><\/div>\n<div>Al\u00fcminyum ala\u015f\u0131ml\u0131 yap\u0131 profilleri, her t\u00fcrl\u00fc statik ve dinamik y\u00fckte kullan\u0131labilir. T\u00fcm bile\u015fenler standart ve birbirine uyumlu oldu\u011fundan, kullan\u0131m\u0131 \u00e7ok pratiktir. Al\u00fcminyum yap\u0131 profillerinin en \u00f6nemli \u00f6zellikleri \u015funlard\u0131r:<\/div>\n<div><\/div>\n<div>Pratik,<\/div>\n<div>Kolay ve h\u0131zl\u0131 montaj,<\/div>\n<div>Dayan\u0131kl\u0131l\u0131k,<\/div>\n<div>Y\u00fcksek fayda,<\/div>\n<div>Tasar\u0131m\u0131 kolayd\u0131r.<\/div>\n<div>G\u00fcn\u00fcm\u00fczde in\u015faat profilleri her sekt\u00f6rde kullan\u0131lmaktad\u0131r. Masa, makine, kapak ve di\u011fer uygulamalar \u00fcretilebilmektedir. Ayr\u0131ca, benzersiz yap\u0131lar\u0131 sayesinde hava, su veya ya\u011f kanallar\u0131 olarak da kullan\u0131labilmektedirler.<\/div>\n<div><\/div>\n<div>\u00d6te yandan, \u00e7ok mod\u00fcler olduklar\u0131 i\u00e7in, bunlar\u0131 s\u00f6k\u00fcp ba\u015fka bir yere tekrar monte etmek \u00e7ok kolayd\u0131r.<\/div>\n","protected":false},"excerpt":{"rendered":"<p><strong>Al\u00fcminyum Yap\u0131 Profilleri<\/strong><\/p>\n<div>Al\u00fcminyum yap\u0131 profilleri, \u00e7elik yap\u0131lar\u0131n yerini almaya ba\u015flayan yenilik\u00e7i ve iyi tasarlanm\u0131\u015f \u00fcr\u00fcnlerdir. Yap\u0131 profilleri birbirlerine \u00e7ok kolay bir \u015fekilde monte edilebilir, bu da onlar\u0131 \u00e7ok pratik bir yap\u0131 eleman\u0131 haline getirir.<\/div>\n","protected":false},"featured_media":51,"comment_status":"closed","ping_status":"closed","template":"","meta":[],"product_brand":[],"product_cat":[18],"product_tag":[],"class_list":{"0":"post-21","1":"product","2":"type-product","3":"status-publish","4":"has-post-thumbnail","6":"product_cat-profiller","8":"first","9":"instock","10":"shipping-taxable","11":"product-type-simple"},"_links":{"self":[{"href":"https:\/\/emiroglual.com\/profil\/wp-json\/wp\/v2\/product\/21","targetHints":{"allow":["GET"]}}],"collection":[{"href":"https:\/\/emiroglual.com\/profil\/wp-json\/wp\/v2\/product"}],"about":[{"href":"https:\/\/emiroglual.com\/profil\/wp-json\/wp\/v2\/types\/product"}],"replies":[{"embeddable":true,"href":"https:\/\/emiroglual.com\/profil\/wp-json\/wp\/v2\/comments?post=21"}],"wp:featuredmedia":[{"embeddable":true,"href":"https:\/\/emiroglual.com\/profil\/wp-json\/wp\/v2\/media\/51"}],"wp:attachment":[{"href":"https:\/\/emiroglual.com\/profil\/wp-json\/wp\/v2\/media?parent=21"}],"wp:term":[{"taxonomy":"product_brand","embeddable":true,"href":"https:\/\/emiroglual.com\/profil\/wp-json\/wp\/v2\/product_brand?post=21"},{"taxonomy":"product_cat","embeddable":true,"href":"https:\/\/emiroglual.com\/profil\/wp-json\/wp\/v2\/product_cat?post=21"},{"taxonomy":"product_tag","embeddable":true,"href":"https:\/\/emiroglual.com\/profil\/wp-json\/wp\/v2\/product_tag?post=21"}],"curies":[{"name":"wp","href":"https:\/\/api.w.org\/{rel}","templated":true}]}}